late the greatest common factor of a and 48.
48
Let s(z) = -6*z**2 - 396*z - 352. Let u be s(-65). What is the highest common factor of 13129 and u?
19
Suppose -5*b + 3*z = -9549, 3*b + 5*z = -6*b + 17157. What is the highest common factor of b and 156?
12
Suppose -2*z - 2603 = 5*a, 0 = 3*z + 33 - 21. Let f = a - -555. Calculate the greatest common factor of f and 4.
4
Suppose -4*q + 10850 = -3*u, -5*q + 14277 - 695 = 6*u. Calculate the greatest common divisor of 118 and q.
118
Let l(o) = 15*o + 420. Let v be l(-34). Let u = 255 - v. What is the highest common divisor of u and 69?
69
Suppose 0 = -3*t + 45 + 27. Let g(c) = c - 39. Let h be g(t). Let p be (h/18)/5 + (-211)/(-6). What is the highest common factor of p and 7?
7
Let m = -5567 - -5585. Calculate the greatest common factor of 40 and m.
2
Let i = -5575 + 5591. Let f = -78 - -44. Let t = f + 74. Calculate the greatest common factor of i and t.
8
Let d(i) = -i**3 - 3*i**2 + 6*i + 16. Let b be d(-3). Let f be (b/1)/(-11 + (-131)/(-12)). Calculate the highest common factor of 56 and f.
8
Let n(u) = -u**3 + 14*u**2 + 16*u - 67. Let l be n(12). Let z = -41 - -100. What is the highest common divisor of l and z?
59
Let n(g) = -g**3 + 11*g**2 - 7*g + 5. Let y be n(10). Suppose 38*h - 6697 = 5273. Calculate the greatest common divisor of h and y.
35
Let w = -16783 - -17980. Calculate the greatest common divisor of 171 and w.
171
Let g be (-16)/(-64) - 47/(-4). Suppose -5*c - 46 = -h - h, 4*h - 108 = 2*c. What is the highest common factor of g and h?
4
Let o(m) = -28*m + 2. Let w(q) = q. Let j(k) = -o(k) - 2*w(k). Let v be j(-1). Let h = -16 - v. Calculate the greatest common divisor of 30 and h.
6
Let n be (1/(-4)*-7)/((-3)/12). Let i = n - -97. Suppose i = -11*y + 464. What is the greatest common divisor of y and 51?
17
Let l = 43098 + -29373. Calculate the highest common factor of l and 450.
225
Let m = -2539 + 2743. What is the greatest common divisor of m and 544?
68
Suppose 0 = -5*h - f + 6*f + 140, 0 = 2*h - f - 52. Let j = 44 + -38. Let c be 16/j - (-7)/21. Calculate the greatest common factor of h and c.
3
Let a = 219 - 123. Let y be (18/10 + 0)*(-31340)/(-4701). What is the greatest common divisor of y and a?
12
Let q(l) = -2*l**2 - 47*l - 229. Let a be q(-15). What is the highest common divisor of a and 6331?
13
Let r be 1440/(7*32/112). What is the highest common divisor of 558 and r?
18
Let b be (55796/13 - 15) + -9. Calculate the greatest common factor of 88 and b.
44
Let g(p) = 6*p**2 - 13*p + 21. Let i be g(3). Suppose 11*a - i = 41. What is the highest common factor of 14 and a?
7
Let v = -99431 + 99443. Suppose 3*u - 16 = u. Let a(c) = c**2 - 4*c - 2. Let j be a(u). Calculate the greatest common divisor of v and j.
6
Let k = 1215 - 1205. Let r(f) = f**3 + f**2 - f + 170. Let x be r(0). What is the greatest common factor of k and x?
10
Let g(m) = -8*m + 14. Let f be g(9). Let h be (f + -9)*1/2*-2. Suppose -59 = -3*j + y, 4*j - h - 14 = -y. Calculate the greatest common factor of 30 and j.
10
Let y(j) = -214*j - 338. Let f be y(-2). Let r = -79 + 151. Calculate the greatest common factor of f and r.
18
Suppose 0 = f - 4*m - 69 - 4, -2*m + 277 = 5*f. Let s = -1732 + 1884. What is the highest common factor of s and f?
19
Let t(g) = 56*g**2 - 4*g + 5. Let f = -210 - -212. Let u be t(f). Calculate the greatest common divisor of 51 and u.
17
Suppose -5*g + 9*v - 13*v + 606 = 0, g = -v + 120. What is the highest common divisor of 1071 and g?
63
Let h(k) = -94*k + 10391. Let p be h(71). What is the greatest common factor of p and 189?
63
Suppose 23*d + 133*d - 155064 = 0. What is the greatest common divisor of d and 70?
14
Let p = -63 - -93. Suppose -v - 3 = 58*b - 57*b, 6*v - 73 = b. Calculate the greatest common factor of p and v.
10
Let k be (-260)/78*(-3)/2. Suppose 29 - 4 = k*r. Let v be (5*-4)/(-1)*1. Calculate the highest common factor of r and v.
5
Let g be 56/12*(-5 - -20). Let m = -56 + g. Calculate the greatest common factor of m and 70.
14
Let i(w) = 2 + 4 + 8*w + 2. Let g be i(6). Let y be 2/(5*2/74) + 5524/(-6905). What is the highest common divisor of y and g?
14
Suppose -14*i + 9992 = -4*i - 9688. Calculate the highest common factor of i and 123.
123
Suppose -5*z - t + 10950 = 0, -92*z + 3*t = -88*z - 8779. What is the greatest common factor of z and 7?
7
Let r = -80 - -1061. Suppose -3456 = -9*d - r. Suppose -117 = -5*y + 2*a, -3*a = 5*y + 2*a - 145. Calculate the greatest common factor of y and d.
25
Let s = 4 - 3. Suppose -15 = 3*f + 4*r, 7*f - r - 2 = 6*f. Let z be (-3 + 2)*(0 + f). Calculate the highest common factor of s and z.
1
Let t = -798 - -802. Suppose 8*a + 1164 = 4*g + t*a, -2*g = -a - 580. What is the greatest common factor of 34 and g?
17
Let y = -218 + 218. Suppose 4*n - 809 = 5*l - 4483, 5*l + n - 3694 = y. Calculate the greatest common factor of 18 and l.
18
Let g(q) = 27*q - 2. Let u be g(4). Let c = u - 16. Calculate the greatest common factor of c and 10.
10
Suppose -3*t + 743 = 5*y, -4*t + 78 = -3*y + 547. Suppose -3*v = -2*u - 103, -3*v + y - 43 = 3*u. What is the highest common divisor of v and 10?
5
Let a be 1 + 6/2 + 4. Let h(k) = k**2 + 6*k - 10. Let l be h(-8). Let s = a - l. What is the highest common factor of 1 and s?
1
Suppose -34*z + 10*z + 48 = 0. Let y be -3*79/(-21) - 4/14. Calculate the greatest common factor of y and z.
1
Let c be -5*(2 + 54/(-30))*34*-9. What is the highest common factor of c and 2601?
153
Let y be 58*1 - (4 + -2). Suppose -70 = -5*b - 5*j, 3*j = -b + 8*j - 22. Calculate the greatest common divisor of b and y.
8
Let d(t) = 2*t**3 + 42*t**2 - 49*t - 102. Let s be d(-22). What is the highest common factor of s and 2560?
8
Let s(i) = 4*i**2 + 2*i + 2. Suppose 4*d = -0*d - 2*o, -4*d = -3*o + 20. Let p be s(d). Calculate the highest common factor of 56 and p.
14
Suppose 0 = 9*y - 5*y - 9*y + 440. Calculate the greatest common factor of y and 33.
11
Let m be (-1848)/(-55) - ((-8)/(-5) - 1). Suppose 4*q + 1776 = 5*s, -m + 389 = s - q. What is the greatest common factor of s and 11?
11
Let t be (-1 + 0)*((-438)/9 - 39/117). Calculate the highest common divisor of 6223 and t.
49
Suppose -17 = -4*u + 3*d, 3*u = -0*u - 4*d - 6. Suppose 4*l - 4*o = 144, u*o = 36*l - 38*l + 88. What is the greatest common divisor of l and 640?
40
Suppose 42*r - 36 = 38*r. Let d be 1596/r*(-6)/(-8). What is the greatest common factor of d and 14?
7
Let q be (-36 - 5)/(4/(-20))*46. Calculate the highest common factor of 92 and q.
46
Let a = 4755 + 4605. What is the highest common divisor of 72 and a?
72
Suppose -5*n + 203 = l - 7*n, -8 = -4*n. Calculate the highest common divisor of 23 and l.
23
Let f(a) be the first derivative of 19 - 23*a - 14/3*a**3 - 15/2*a**2 - 1/4*a**4. Let r be f(-13). What is the greatest common factor of 57 and r?
3
Let q(k) = -k**2 - 38*k + 324. Let g be q(-45). Let w be -6 + 13 - (-6)/(-2). Suppose s = -w*s + 360. What is the greatest common divisor of s and g?
9
Let d be ((-438)/4)/((-14)/(-8) + -1). Let a be 2 - d - (-21)/7. Suppose 0 = 155*w - a*w - 616. Calculate the highest common factor of w and 14.
14
Suppose -13*p + 24*p = -627. Let l = p + 53. Let f be (-7270)/(-15) + l/6. Calculate the greatest common divisor of f and 44.
44
Let m be 2 + -1 + 23*3. Suppose 42*c = 173*c + 107*c - 26656. What is the highest common divisor of c and m?
14
Suppose -64 = -3*d - 2*h, -h = 2*d + 4*h - 61. What is the greatest common factor of d and 3168?
18
Suppose 10*t + 4*t = 5978. Let z be 4/(t/70 + -6). What is the greatest common factor of z and 160?
40
Suppose 0 = 39*p - 44*p + 855. What is the greatest common factor of 285 and p?
57
Suppose -3*m + a - 603 = 0, 3*a = 2*m + 435 - 40. Let t = -86 - m. What is the greatest common divisor of t and 406?
58
Suppose -48*i + 2*a = -51*i + 607, 3*i - 3*a = 612. What is the greatest common divisor of i and 377?
29
Let m = -19606 + 21462. Calculate the greatest common divisor of m and 432.
16
Let r(v) = -28*v - 6. Let w be r(-7). Suppose 15*x + 224 = 44. Let p be 1*19*x/((-30)/5). What is the greatest common factor of w and p?
38
Let z be 13/(-65) - 2341/(-5). Suppose -z = w - 7*w. Calculate the highest common divisor of 117 and w.
39
Suppose 0 = -19*v + 417 + 288 - 97. What is the h